{"id":357,"date":"2022-07-06T06:17:13","date_gmt":"2022-07-06T06:17:13","guid":{"rendered":"https:\/\/sixbau.hu\/shop\/?post_type=product&#038;p=357"},"modified":"2024-06-25T07:23:15","modified_gmt":"2024-06-25T07:23:15","slug":"sixbau-block-falazott-epitesi-rendszer","status":"publish","type":"product","link":"https:\/\/sixbau.hu\/shop\/termek\/sixbau-block-falazott-epitesi-rendszer\/","title":{"rendered":"SIXBAU Block Falazott \u00e9p\u00edt\u00e9si rendszer"},"content":{"rendered":"<p>Speci\u00e1lis nagym\u00e9ret\u0171 k\u00f6nny\u0171beton falaz\u00f3elemek alkalmaz\u00e1s\u00e1ra \u00e9p\u00fcl\u0151 hagyom\u00e1nyos \u00e9p\u00edt\u00e9si rendszer.<\/p>\n<p>\u00c9p\u00edt\u00e9si rendszer\u00fcnk alapja a SIXBAU gBlock \u201et\u00e9gla\u201d, amely kor\u00e1bbi t\u00e1rsait\u00f3l csak a form\u00e1j\u00e1t \u00f6r\u00f6k\u00f6lte meg. Alapanyaga a polisztirolbeton, melynek sz\u00e1mos j\u00f3 tulajdons\u00e1g\u00e1t siker\u00fclt el\u0151ny\u00f6sen \u00f6tv\u00f6zni a gBlock falaz\u00f3elemben. Kiv\u00e1l\u00f3 komfort\u00e9rzetet ny\u00fajt, igen j\u00f3 h\u0151szigetel\u0151 tulajdons\u00e1ggal b\u00edr, ez\u00e9rt az ebb\u0151l \u00e9p\u00fclt egyr\u00e9teg\u0171 falazatokn\u00e1l nincs sz\u00fcks\u00e9g tov\u00e1bbi homlokzati h\u0151szigetel\u00e9s alkalmaz\u00e1s\u00e1ra. Nagy m\u00e9ret\u00e9b\u0151l ad\u00f3d\u00f3an az \u00e9p\u00edt\u00e9s folyamata gyorsabb, amivel a kivitelez\u00e9si id\u0151 \u00e9s k\u00f6lts\u00e9g jelent\u0151sen cs\u00f6kkenthet\u0151, kedvez\u0151 t\u00f6mege pedig k\u00f6nny\u0171 mozgathat\u00f3s\u00e1got biztos\u00edt, ez\u00e9rt kev\u00e9sb\u00e9 terheli a dolgoz\u00f3t. Az \u00e1ltalunk k\u00edn\u00e1lt \u00e9p\u00edt\u00e9si rendszer t\u00f6k\u00e9letesen alkalmas f\u00f6ldszintes \u00e9s t\u00f6bbszintes csal\u00e1di h\u00e1zak \u00e9p\u00edt\u00e9s\u00e9re, t\u00e1rsash\u00e1zak, k\u00f6z\u00f6ss\u00e9gi \u00e9p\u00fcletek \u00e9p\u00edt\u00e9s\u00e9hez, valamint vasbeton-, \u00e9s egy\u00e9b v\u00e1zas \u00e9p\u00fcletszerkezetek, csarnok-, \u00e9s \u00fczem\u00e9p\u00fcletek, ipari-, \u00e9s mez\u0151gazdas\u00e1gi \u00e9p\u00fcletek v\u00e1zkit\u00f6lt\u0151 falazatainak \u00e9p\u00edt\u00e9s\u00e9hez is.<\/p>\n<p>A SIXBAU Block \u00e9p\u00edt\u00e9si rendszer seg\u00edts\u00e9g\u00e9vel kiv\u00e1l\u00f3 energetikai jellemz\u0151kkel (ak\u00e1r AA+)* \u00e9s t\u0171zbiztons\u00e1gi \u00e9rt\u00e9kekkel rendelkez\u0151 \u00e9p\u00fcletek hozhat\u00f3k l\u00e9tre. Az \u00e1ltalunk gy\u00e1rtott egyr\u00e9teg\u0171 falazatra \u00e9p\u00fcl\u0151 \u00e9p\u00edt\u00e9si rendszer kiemelked\u0151 el\u0151nye, hogy az elv\u00e1rt h\u0151szigetel\u0151 \u00e9rt\u00e9keket ut\u00f3lagos, vagyis kieg\u00e9sz\u00edt\u0151 homlokzati h\u0151szigetel\u0151 rendszer alkalmaz\u00e1sa n\u00e9lk\u00fcl is k\u00e9pes biztos\u00edtani, \u00edgy jelent\u0151sen cs\u00f6kkenthet\u0151k a felmer\u00fcl\u0151 k\u00f6lts\u00e9gek. A rendszer alap elemk\u00e9szlet\u00e9nek tagjai a SIXBAU gBlock falaz\u00f3elem, a SIXBAU gWall v\u00e1laszfalelemek, valamint a SIXBAU Deck f\u00f6d\u00e9m \u00e9s SIXBAU Roof szeglemezes tet\u0151szerkezet. Mivel a szerkezetk\u00e9sz \u00e9p\u00fclethez sz\u00fcks\u00e9ges minden \u00e9p\u00edt\u0151anyag \u00e9s \u00e9p\u00fcletszerkezeti elem beszerz\u00e9se egyetlen partnert\u0151l t\u00f6rt\u00e9nik, \u00edgy egyszer\u0171s\u00f6dnek az \u00e9p\u00edtkez\u00e9s sor\u00e1n a beszerz\u00e9ssel, valamint a logisztik\u00e1val \u00f6sszef\u00fcgg\u0151 teend\u0151k, amivel szint\u00e9n sok id\u0151t \u00e9s p\u00e9nzt lehet megtakar\u00edtani.<\/p>\n<p><small>* Az adott \u00e9p\u00fclet energetikai besorol\u00e1s\u00e1nak meghat\u00e1roz\u00e1s\u00e1hoz k\u00e9rje szakember seg\u00edts\u00e9g\u00e9t.<\/small><\/p>\n<p><img decoding=\"async\" style=\"width: 100%;\" src=\"https:\/\/sixbau.hu\/shop\/wp-content\/uploads\/2022\/07\/BLOCK_Robbantott.webp\" alt=\"SIXBAU BLOCK falazott \u00e9p\u00edt\u00e9si rendszer robbantott \u00e1br\u00e1ja\" \/><\/p>\n<p><strong>A SIXBAU-val egy k\u00e9zben tarthatja \u00e9p\u00edtkez\u00e9se legl\u00e9nyegesebb mozzanatait<\/strong><\/p>\n<h2>\u00c9p\u00edtkez\u00e9s menete:<\/h2>\n<p>&nbsp;<\/p>\n<h3><strong>1. Tervez\u00e9s<\/strong><\/h3>\n<p>Egy \u00e9p\u00edtkez\u00e9s hossz\u00fa folyamat, melynek a minden l\u00e9p\u00e9se meghat\u00e1roz\u00f3 az \u00e9p\u00fcletre \u00e9s annak majdani lak\u00f3ira n\u00e9zve. A d\u00f6nt\u00e9shozatalt k\u00f6vet\u0151en els\u0151 l\u00e9p\u00e9sk\u00e9nt k\u00f6z\u00f6s munka kezd\u0151dik az \u00e9p\u00edttet\u0151k \u00e9s a tervez\u0151 k\u00f6z\u00f6tt, melynek eredm\u00e9nyek\u00e9pp megsz\u00fcletik az \u00e9p\u00fclet terve. A tervek alapj\u00e1n elk\u00e9sz\u00fcl a k\u00f6lts\u00e9gvet\u00e9s, \u00e9s az esetleges m\u00f3dos\u00edt\u00e1sok. A tervek alapj\u00e1n tervez\u0151ink elk\u00e9sz\u00edtik a SIXBAU BLOCK \u00e9p\u00edt\u00e9si rendszer tervdokument\u00e1ci\u00f3j\u00e1t, amely tartalmazza a kiviteli terveket, a r\u00e9szletrajzokat, csom\u00f3pontokat, anyagkigy\u0171jt\u00e9st, kalkul\u00e1ci\u00f3t, tov\u00e1bb\u00e1 minden olyan sz\u00fcks\u00e9ges m\u0171szaki inform\u00e1ci\u00f3t, amelynek alapj\u00e1n fel\u00e9p\u00edthet\u0151 a tervek szerint meg\u00e1lmodott \u00e9p\u00fclet.<\/p>\n<h3><strong>2. Alapoz\u00e1s<\/strong><\/h3>\n<p>Az \u00e9p\u00edtkez\u00e9s, vagyis a kivitelez\u00e9s els\u0151 l\u00e9p\u00e9se az \u00e9p\u00fclet alapoz\u00e1s\u00e1nak elk\u00e9sz\u00edt\u00e9se. Az alapoz\u00e1s terveinek elk\u00e9sz\u00edt\u00e9s\u00e9ben, valamint az ezt k\u00f6vet\u0151 alapoz\u00e1st \u00e9rint\u0151 kivitelez\u00e9si munk\u00e1kban nem vesz\u00fcnk r\u00e9szt, azonban fontosnak tartjuk kiemelni, hogy az alapoz\u00e1s sor\u00e1n keletkezett hib\u00e1k, esetleges pontatlans\u00e1gok a k\u00e9s\u0151bbiek sor\u00e1n sz\u00e1mos neh\u00e9zs\u00e9g okoz\u00f3i lehetnek, ez\u00e9rt kiemelten fontosnak tartjuk a SIXBAU el\u0151\u00edr\u00e1sainak megfelel\u0151 min\u0151s\u00e9gben t\u00f6rt\u00e9n\u0151 munkav\u00e9gz\u00e9st.<\/p>\n<h3><strong>3. Falaz\u00e1s<\/strong><\/h3>\n<p>Az alapoz\u00e1s \u00e9s talajnedvess\u00e9g elleni szigetel\u00e9s elk\u00e9sz\u00fclt\u00e9t \u00e9s \u00e1tv\u00e9tel\u00e9t k\u00f6vet\u0151en kezd\u0151dik a \u00e9p\u00fclet falazat\u00e1nak k\u00e9sz\u00edt\u00e9se. Amennyiben k\u00e9tszintes \u00e9p\u00fclet k\u00e9sz\u00fcl, a falaz\u00e1s megkezd\u00e9se el\u0151tt helyezik el a f\u00fcgg\u0151leges ac\u00e9l pill\u00e9reket, majd ezt k\u00f6vet\u0151en indul a kezd\u0151 sor elhelyez\u00e9se, amely fokozott figyelmet \u00e9s gondoss\u00e1got ig\u00e9nyel. Amennyiben a kezd\u0151 sor lerak\u00e1sa megfelel\u0151 min\u0151s\u00e9g\u0171, jellemz\u0151en igen r\u00f6vid id\u0151 alatt kivitelezhet\u0151 az \u00e9p\u00fclet teherhord\u00f3 falazata az \u00e9p\u00fclet eg\u00e9sz\u00e9n.<\/p>\n<h3><strong>4. Tet\u0151 fogad\u00f3szerkezet<\/strong><\/h3>\n<p>A falaz\u00e1si munk\u00e1latok befejez\u00e9s\u00e9t k\u00f6vet\u0151 l\u00e9p\u00e9s a v\u00edzszintes koszor\u00fa elk\u00e9sz\u00edt\u00e9se, vagyis az el\u0151regy\u00e1rtott szeglemezes tet\u0151szerkezet fogad\u00e1s\u00e1ra alkalmas \u00e9p\u00fcletszerkezetek \u00e9s szerelv\u00e9nyek elhelyez\u00e9se az elk\u00e9sz\u00edtett teherhord\u00f3 falazat befejez\u0151 sor\u00e1n, melynek v\u00e9gezt\u00e9vel \u00f6ssze\u00e1ll\u00edthat\u00f3 a tervek szerint legy\u00e1rtott \u00e9s az \u00e9p\u00edtkez\u00e9s helysz\u00edn\u00e9re lesz\u00e1ll\u00edtott szeglemezes tet\u0151.<\/p>\n<h3><strong>5. Tet\u0151szerkezet szerel\u00e9se<\/strong><\/h3>\n<p>A SIXBAU BLOCK \u00e9p\u00edt\u00e9si rendszer szerint el\u0151regy\u00e1rtott szeglemezes tet\u0151szerkezet sz\u00e1ll\u00edt\u00e1sa, \u00f6ssze\u00e1ll\u00edt\u00e1sa, illetve szerel\u00e9se, amely \u00e1ltal\u00e1ban nem vesz t\u00f6bbet ig\u00e9nybe, mint egy-k\u00e9t nap. Minden \u00e1ltalunk gy\u00e1rtott tet\u0151 folyamatos gy\u00e1ri min\u0151s\u00e9gben folyamatos min\u0151s\u00e9g-ellen\u0151rz\u00e9s mellett k\u00e9sz\u00fcl, \u00e9s minden \u00e1ltalunk k\u00e9sz\u00edtett tet\u0151r\u0151l min\u0151s\u00e9gtan\u00fas\u00edtv\u00e1nyt \u00e1ll\u00edtunk ki, amely egyben garancia is el\u0151regy\u00e1rtott szeglemezes tet\u0151szerkezeteinkre.<\/p>\n<h3><strong>6. K\u00f6nny\u0171betonoz\u00e1s<\/strong><\/h3>\n<p>Szeglemezes tet\u0151szerkezeteink egyben az \u00e9p\u00fclet z\u00e1r\u00f3f\u00f6d\u00e9mei is, melynek szigetel\u00e9s\u00e9t \u00e9s merevs\u00e9g\u00e9t a tet\u0151szerkezet \u00f6ssze\u00e1ll\u00edt\u00e1s\u00e1t k\u00f6vet\u0151en k\u00e9sz\u00fcl\u0151 fel\u00f6nt\u00e9s biztos\u00edt. A tet\u0151 \u00f6ssze\u00e1ll\u00edt\u00e1s\u00e1t teh\u00e1t a mennyezet \u00e9s f\u00f6d\u00e9m v\u00e9gleges kialak\u00edt\u00e1sa k\u00f6veti, mely a SIXBAU gPanel \u00e9p\u00edt\u0151lemezekb\u0151l \u00e1ll\u00f3 bennmarad\u00f3 zsaluzat elhelyez\u00e9s\u00e9b\u0151l, valamint az ezt k\u00f6vet\u0151 k\u00f6nny\u0171betonoz\u00e1s, azaz fel\u00f6nt\u00e9s elk\u00e9sz\u00edt\u00e9s\u00e9b\u0151l \u00e1ll. Ez ut\u00e1n k\u00e9sz\u00fclhet a cser\u00e9pl\u00e9cez\u00e9s, a sz\u00fcks\u00e9ges f\u00f3li\u00e1z\u00e1s, b\u00e1dogoz\u00e1sok \u00e9s h\u00e9jal\u00e1s elk\u00e9sz\u00edt\u00e9se.<\/p>\n<h3><strong>7. Szakipari munk\u00e1latok<\/strong><\/h3>\n<p>A szerkezetk\u00e9sz \u00e9p\u00fcleten elkezd\u0151dhetnek a szakipari munk\u00e1latok, vagyis a ny\u00edl\u00e1sz\u00e1r\u00f3k elhelyez\u00e9s\u00e9t k\u00f6vet\u0151en indulhatnak az \u00e9p\u00fcletg\u00e9p\u00e9szeti munk\u00e1k, a k\u00fcls\u0151 bels\u0151 vakol\u00e1s \u00e9s fel\u00fcletk\u00e9pz\u00e9sek kialak\u00edt\u00e1sa, sz\u00ednez\u00e9s, fest\u00e9s, burkol\u00e1s, szerelv\u00e9nyez\u00e9s.<\/p>\n<h3><strong>8. Kulcs\u00e1tad\u00e1s<\/strong><\/h3>\n<p>A szakipari munk\u00e1k elv\u00e9gz\u00e9se ut\u00e1n, elk\u00e9sz\u00fclnek a v\u00e9gs\u0151 sim\u00edt\u00e1sok is \u00e9s \u00e1tad\u00e1sra ker\u00fcl az \u00d6n \u00e1ltal meg\u00e1lmodott \u00faj otthon.<\/p>\n<p><iframe loading=\"lazy\" style=\"margin-bottom: 3rem;\" title=\"YouTube video player\" src=\"https:\/\/www.youtube.com\/embed\/qMz5bpwMMRI\" width=\"100%\" height=\"650\" frameborder=\"0\" allowfullscreen=\"allowfullscreen\"><span data-mce-type=\"bookmark\" style=\"display: inline-block; width: 0px; overflow: hidden; line-height: 0;\" class=\"mce_SELRES_start\">\ufeff<\/span><\/iframe><br \/>\n<iframe loading=\"lazy\" style=\"margin-bottom: 3rem;\" title=\"YouTube video player\" src=\"https:\/\/www.youtube.com\/embed\/XIbK_9EUO4M\" width=\"100%\" height=\"650\" frameborder=\"0\" allowfullscreen=\"allowfullscreen\"><\/iframe><iframe loading=\"lazy\" style=\"margin-bottom: 3rem;\" title=\"YouTube video player\" src=\"https:\/\/www.youtube.com\/embed\/PYJZAcW-_-4\" width=\"100%\" height=\"650\" frameborder=\"0\" allowfullscreen=\"allowfullscreen\"><\/iframe><\/p>\n","protected":false},"excerpt":{"rendered":"<p>Speci\u00e1lis nagym\u00e9ret\u0171 k\u00f6nny\u0171beton falaz\u00f3elemek alkalmaz\u00e1s\u00e1ra \u00e9p\u00fcl\u0151 hagyom\u00e1nyos \u00e9p\u00edt\u00e9si rendszer. \u00c9p\u00edt\u00e9si rendszer\u00fcnk alapja a SIXBAU gBlock \u201et\u00e9gla\u201d, amely kor\u00e1bbi t\u00e1rsait\u00f3l csak a form\u00e1j\u00e1t \u00f6r\u00f6k\u00f6lte meg. Alapanyaga a polisztirolbeton, melynek sz\u00e1mos j\u00f3 tulajdons\u00e1g\u00e1t siker\u00fclt el\u0151ny\u00f6sen \u00f6tv\u00f6zni a gBlock falaz\u00f3elemben. Kiv\u00e1l\u00f3 komfort\u00e9rzetet ny\u00fajt, igen j\u00f3 h\u0151szigetel\u0151 tulajdons\u00e1ggal b\u00edr, ez\u00e9rt az ebb\u0151l \u00e9p\u00fclt egyr\u00e9teg\u0171 falazatokn\u00e1l nincs sz\u00fcks\u00e9g tov\u00e1bbi homlokzati [&hellip;]<\/p>\n","protected":false},"featured_media":361,"template":"","meta":[],"product_cat":[68],"product_tag":[],"class_list":{"0":"post-357","1":"product","2":"type-product","3":"status-publish","4":"has-post-thumbnail","6":"product_cat-epitesi-rendszerek","8":"first","9":"instock","10":"virtual","11":"product-type-simple"},"jetpack_sharing_enabled":true,"_links":{"self":[{"href":"https:\/\/sixbau.hu\/shop\/wp-json\/wp\/v2\/product\/357","targetHints":{"allow":["GET"]}}],"collection":[{"href":"https:\/\/sixbau.hu\/shop\/wp-json\/wp\/v2\/product"}],"about":[{"href":"https:\/\/sixbau.hu\/shop\/wp-json\/wp\/v2\/types\/product"}],"wp:featuredmedia":[{"embeddable":true,"href":"https:\/\/sixbau.hu\/shop\/wp-json\/wp\/v2\/media\/361"}],"wp:attachment":[{"href":"https:\/\/sixbau.hu\/shop\/wp-json\/wp\/v2\/media?parent=357"}],"wp:term":[{"taxonomy":"product_cat","embeddable":true,"href":"https:\/\/sixbau.hu\/shop\/wp-json\/wp\/v2\/product_cat?post=357"},{"taxonomy":"product_tag","embeddable":true,"href":"https:\/\/sixbau.hu\/shop\/wp-json\/wp\/v2\/product_tag?post=357"}],"curies":[{"name":"wp","href":"https:\/\/api.w.org\/{rel}","templated":true}]}}