{"id":812,"date":"2025-01-28T09:01:28","date_gmt":"2025-01-28T09:01:28","guid":{"rendered":"https:\/\/sixbau.hu\/shop\/?post_type=product&#038;p=812"},"modified":"2025-05-30T07:40:50","modified_gmt":"2025-05-30T07:40:50","slug":"sixbau-mix-hungarocell-daralek-zsakba-250-liter","status":"publish","type":"product","link":"https:\/\/sixbau.hu\/shop\/termek\/sixbau-mix-hungarocell-daralek-zsakba-250-liter\/","title":{"rendered":"SIXBAU MIX (hungarocell dar\u00e1l\u00e9k) zs\u00e1kba (250 liter)"},"content":{"rendered":"<p>A SIXBAU MIX(hungarocell dar\u00e1l\u00e9k)\u00a0 az \u00e9p\u00edtkez\u00e9s helysz\u00edn\u00e9n betonkever\u0151vel vagy estrich-g\u00e9ppel k\u00e9sz\u00edthet\u0151 k\u00f6nny\u0171beton alapanyagok, amelyekb\u0151l t\u00f6bbf\u00e9le tests\u0171r\u0171s\u00e9g\u0171 kiv\u00e1l\u00f3 min\u0151s\u00e9g\u0171 k\u00f6nny\u0171beton k\u00e9sz\u00edthet\u0151.<\/p>\n<p>\u00c1ra: 7000 Ft\/m3 + \u00e1fa (8890 Ft)<\/p>\n","protected":false},"excerpt":{"rendered":"<p>A SIXBAU MIX(hungarocell dar\u00e1l\u00e9k)\u00a0 az \u00e9p\u00edtkez\u00e9s helysz\u00edn\u00e9n betonkever\u0151vel vagy estrich-g\u00e9ppel k\u00e9sz\u00edthet\u0151 k\u00f6nny\u0171beton alapanyagok, amelyekb\u0151l t\u00f6bbf\u00e9le tests\u0171r\u0171s\u00e9g\u0171 kiv\u00e1l\u00f3 min\u0151s\u00e9g\u0171 k\u00f6nny\u0171beton k\u00e9sz\u00edthet\u0151. \u00c1ra: 7000 Ft\/m3 + \u00e1fa (8890 Ft)<\/p>\n","protected":false},"featured_media":813,"template":"","meta":[],"product_cat":[30],"product_tag":[],"class_list":{"0":"post-812","1":"product","2":"type-product","3":"status-publish","4":"has-post-thumbnail","6":"product_cat-polisztirol-beton-daralek","8":"first","9":"instock","10":"shipping-taxable","11":"purchasable","12":"product-type-simple"},"jetpack_sharing_enabled":true,"_links":{"self":[{"href":"https:\/\/sixbau.hu\/shop\/wp-json\/wp\/v2\/product\/812","targetHints":{"allow":["GET"]}}],"collection":[{"href":"https:\/\/sixbau.hu\/shop\/wp-json\/wp\/v2\/product"}],"about":[{"href":"https:\/\/sixbau.hu\/shop\/wp-json\/wp\/v2\/types\/product"}],"wp:featuredmedia":[{"embeddable":true,"href":"https:\/\/sixbau.hu\/shop\/wp-json\/wp\/v2\/media\/813"}],"wp:attachment":[{"href":"https:\/\/sixbau.hu\/shop\/wp-json\/wp\/v2\/media?parent=812"}],"wp:term":[{"taxonomy":"product_cat","embeddable":true,"href":"https:\/\/sixbau.hu\/shop\/wp-json\/wp\/v2\/product_cat?post=812"},{"taxonomy":"product_tag","embeddable":true,"href":"https:\/\/sixbau.hu\/shop\/wp-json\/wp\/v2\/product_tag?post=812"}],"curies":[{"name":"wp","href":"https:\/\/api.w.org\/{rel}","templated":true}]}}