{"id":94,"date":"2022-06-07T09:21:25","date_gmt":"2022-06-07T09:21:25","guid":{"rendered":"https:\/\/sixbau.hu\/shop\/?post_type=product&#038;p=94"},"modified":"2025-09-23T08:49:53","modified_gmt":"2025-09-23T08:49:53","slug":"sixbau-gwall-100","status":"publish","type":"product","link":"https:\/\/sixbau.hu\/shop\/termek\/sixbau-gwall-100\/","title":{"rendered":"SIXBAU gWall 100 (100 x 580 x 3000)"},"content":{"rendered":"<p>A SIXBAU gWall v\u00e1laszfalak 10, 12, \u00e9s 15cm vastags\u00e1gban megrendelhet\u0151 3.00 m\u00e9teres hosszban gy\u00e1rtott k\u00f6nny\u0171beton falelemek, melyekb\u0151l gyorsan \u00e9s egyszer\u0171en k\u00e9sz\u00edthet\u0151k t\u00f6m\u00f6r \u00e9s szil\u00e1rd v\u00e1laszfalak, vagy ak\u00e1r kisebb mell\u00e9k\u00e9p\u00fcletek. A SIXBAU gWall v\u00e1laszfalak a kis s\u00faly miatt nem ig\u00e9nyelnek k\u00fcl\u00f6n alapoz\u00e1st \u00e9s ajt\u00f3ny\u00edl\u00e1sok eset\u00e9n legt\u00f6bbsz\u00f6r nem sz\u00fcks\u00e9ges az \u00e1thidal\u00f3k alkalmaz\u00e1sa sem. A SIXBAU gWall v\u00e1laszfalak glettelhet\u0151k, vakolhat\u00f3k, vagy k\u00f6zvetlen\u00fcl burkolhat\u00f3k csemp\u00e9vel \u00e9s egy\u00e9b ker\u00e1mia lapokkal, illetve m\u00e1s falburkolatokkal is. V\u00e1laszfalelemeink minden esetben n\u00fat-f\u00e9deres \u00e9lkik\u00e9pz\u00e9ssel k\u00e9sz\u00fclnek a nagyobb szil\u00e1rds\u00e1g \u00e9s fokozott \u00e1ll\u00e9konys\u00e1g \u00e9rdek\u00e9ben.,<\/p>\n<p>T\u0171zv\u00e9delmi oszt\u00e1ly: Nem \u00e9ghet\u0151 A2 &#8211; s1, d0<\/p>\n<p><strong><span class=\"nme\">NM\u00c9: A-152\/2014<\/span><\/strong><\/p>\n<p>Nem teherhord\u00f3 t\u00e9relv\u00e1laszt\u00f3 falazatok \u00e9p\u00edt\u00e9s\u00e9hez, fel\u00faj\u00edt\u00e1sokhoz, tet\u0151t\u00e9ri falszerkezetek kialak\u00edt\u00e1s\u00e1hoz, v\u00e1zszerkezettel kombin\u00e1lva gar\u00e1zsok, mell\u00e9k\u00e9p\u00fcletek \u00e9p\u00edt\u00e9s\u00e9hez.<br \/>\nLegkisebb rendelhet\u0151 mennyis\u00e9g 1 raklap.<\/p>\n<table id=\"variation-parameters-table\">\n<tbody>\n<tr>\n<td>Geometriai m\u00e9retek (mm):<\/td>\n<td>100 x 580 x 3000 mm<\/td>\n<\/tr>\n<tr>\n<td>Vakolatlan falvastags\u00e1g:<\/td>\n<td>100 mm<\/td>\n<\/tr>\n<tr>\n<td>Elem nyom\u00f3szil\u00e1rds\u00e1g:<\/td>\n<td>nem relev\u00e1ns<\/td>\n<\/tr>\n<tr>\n<td>H\u0151vezet\u00e9si t\u00e9nyez\u0151:<\/td>\n<td>0,069 W\/mK<\/td>\n<\/tr>\n<tr>\n<td>H\u0151\u00e1tbocs\u00e1t\u00e1s t\u00e9nyez\u0151:<\/td>\n<td>nem relev\u00e1ns<\/td>\n<\/tr>\n<tr>\n<td>Kapill\u00e1ris v\u00edzfelv\u00e9tel:<\/td>\n<td>nem relev\u00e1ns<\/td>\n<\/tr>\n<tr>\n<td>T\u0171z\u00e1ll\u00f3s\u00e1gi oszt\u00e1ly:<\/td>\n<td>A2 \u2013 s1, d0<\/td>\n<\/tr>\n<tr>\n<td>T\u0171z\u00e1ll\u00f3s\u00e1gi hat\u00e1r\u00e9rt\u00e9k:<\/td>\n<td>E 90, EI 60<\/td>\n<\/tr>\n<tr>\n<td>P\u00e1radiff\u00fazi\u00f3s egy\u00fctth.:<\/td>\n<td>7-9\/8-10 \u00b5<\/td>\n<\/tr>\n<tr>\n<td>L\u00e9ghangg\u00e1tl\u00e1si sz\u00e1ma:<\/td>\n<td>42 (-1; -3) dB<\/td>\n<\/tr>\n<tr>\n<td>Ny\u00edr\u00f3szil\u00e1rds\u00e1g:<\/td>\n<td>27,9 kPa<\/td>\n<\/tr>\n<tr>\n<td>Elemt\u00f6meg:<\/td>\n<td>46,98-57,42 kg<\/td>\n<\/tr>\n<tr>\n<td>V\u00e1laszfal \/ egyutas raklap:<\/td>\n<td>12 db\/raklap<\/td>\n<\/tr>\n<\/tbody>\n<\/table>\n<h2 style=\"text-align: left;\"><strong>T\u00f6m\u00f6r falszerkezet<\/strong><\/h2>\n<p>Homog\u00e9n, t\u00f6m\u00f6r falszerkezet<\/p>\n<h2 style=\"text-align: left;\"><strong>Rugalmas kialak\u00edt\u00e1s<\/strong><\/h2>\n<p>N\u00fat-f\u00e9deres kialak\u00edt\u00e1s, rugalmas \u00e9s szil\u00e1rd<\/p>\n<h2 style=\"text-align: left;\"><strong>Gyors megmunk\u00e1lhat\u00f3s\u00e1g<\/strong><\/h2>\n<p>Egyszer\u0171en, gyorsan megmunk\u00e1lhat\u00f3<\/p>\n<h2 style=\"text-align: left;\"><strong>Tart\u00f3ss\u00e1g<\/strong><\/h2>\n<p>Nedvess\u00e9gre nem \u00e9rz\u00e9keny, tart\u00f3s, id\u0151t\u00e1ll\u00f3<\/p>\n<h2 style=\"text-align: left;\"><strong>\u00dajrahasznos\u00edthat\u00f3<\/strong><\/h2>\n<p>100% ban \u00fajrahasznos\u00edthat\u00f3<\/p>\n<h2 style=\"text-align: left;\"><strong>R\u00e1gcs\u00e1l\u00f3 \u00e9s rovarmentess\u00e9g<\/strong><\/h2>\n<p>R\u00e1gcs\u00e1l\u00f3k \u00e9s rovarok nem sz\u00edvesen v\u00e1lasztj\u00e1k lak\u00f3helynek<\/p>\n<h2 style=\"text-align: left;\"><strong>Tulajdons\u00e1gok\u00a0<\/strong><\/h2>\n<ul>\n<li data-leveltext=\"\uf0b7\" data-font=\"Symbol\" data-listid=\"1\" data-list-defn-props=\"{&quot;335552541&quot;:1,&quot;335559684&quot;:-2,&quot;335559685&quot;:720,&quot;335559991&quot;:360,&quot;469769226&quot;:&quot;Symbol&quot;,&quot;469769242&quot;:[8226],&quot;469777803&quot;:&quot;left&quot;,&quot;469777804&quot;:&quot;\uf0b7&quot;,&quot;469777815&quot;:&quot;hybridMultilevel&quot;}\" aria-setsize=\"-1\" data-aria-posinset=\"1\" data-aria-level=\"1\"><span data-contrast=\"auto\">Homog\u00e9n, t\u00f6m\u00f6r falszerkezet<\/span><span data-ccp-props=\"{&quot;201341983&quot;:0,&quot;335559739&quot;:160,&quot;335559740&quot;:259}\">\u00a0<\/span><\/li>\n<li data-leveltext=\"\uf0b7\" data-font=\"Symbol\" data-listid=\"1\" data-list-defn-props=\"{&quot;335552541&quot;:1,&quot;335559684&quot;:-2,&quot;335559685&quot;:720,&quot;335559991&quot;:360,&quot;469769226&quot;:&quot;Symbol&quot;,&quot;469769242&quot;:[8226],&quot;469777803&quot;:&quot;left&quot;,&quot;469777804&quot;:&quot;\uf0b7&quot;,&quot;469777815&quot;:&quot;hybridMultilevel&quot;}\" aria-setsize=\"-1\" data-aria-posinset=\"1\" data-aria-level=\"1\"><span data-contrast=\"auto\">N\u00fat-f\u00e9deres kialak\u00edt\u00e1s, rugalmas \u00e9s szil\u00e1rd<\/span><span data-ccp-props=\"{&quot;201341983&quot;:0,&quot;335559739&quot;:160,&quot;335559740&quot;:259}\">\u00a0<\/span><\/li>\n<li data-leveltext=\"\uf0b7\" data-font=\"Symbol\" data-listid=\"1\" data-list-defn-props=\"{&quot;335552541&quot;:1,&quot;335559684&quot;:-2,&quot;335559685&quot;:720,&quot;335559991&quot;:360,&quot;469769226&quot;:&quot;Symbol&quot;,&quot;469769242&quot;:[8226],&quot;469777803&quot;:&quot;left&quot;,&quot;469777804&quot;:&quot;\uf0b7&quot;,&quot;469777815&quot;:&quot;hybridMultilevel&quot;}\" aria-setsize=\"-1\" data-aria-posinset=\"1\" data-aria-level=\"1\"><span data-contrast=\"auto\">Egyszer\u0171en, gyorsan megmunk\u00e1lhat\u00f3<\/span><span data-ccp-props=\"{&quot;201341983&quot;:0,&quot;335559739&quot;:160,&quot;335559740&quot;:259}\">\u00a0<\/span><\/li>\n<li data-leveltext=\"\uf0b7\" data-font=\"Symbol\" data-listid=\"1\" data-list-defn-props=\"{&quot;335552541&quot;:1,&quot;335559684&quot;:-2,&quot;335559685&quot;:720,&quot;335559991&quot;:360,&quot;469769226&quot;:&quot;Symbol&quot;,&quot;469769242&quot;:[8226],&quot;469777803&quot;:&quot;left&quot;,&quot;469777804&quot;:&quot;\uf0b7&quot;,&quot;469777815&quot;:&quot;hybridMultilevel&quot;}\" aria-setsize=\"-1\" data-aria-posinset=\"1\" data-aria-level=\"1\"><span data-contrast=\"auto\">Nedvess\u00e9gre nem \u00e9rz\u00e9keny, tart\u00f3s, id\u0151t\u00e1ll\u00f3<\/span><span data-ccp-props=\"{&quot;201341983&quot;:0,&quot;335559739&quot;:160,&quot;335559740&quot;:259}\">\u00a0<\/span><\/li>\n<li data-leveltext=\"\uf0b7\" data-font=\"Symbol\" data-listid=\"1\" data-list-defn-props=\"{&quot;335552541&quot;:1,&quot;335559684&quot;:-2,&quot;335559685&quot;:720,&quot;335559991&quot;:360,&quot;469769226&quot;:&quot;Symbol&quot;,&quot;469769242&quot;:[8226],&quot;469777803&quot;:&quot;left&quot;,&quot;469777804&quot;:&quot;\uf0b7&quot;,&quot;469777815&quot;:&quot;hybridMultilevel&quot;}\" aria-setsize=\"-1\" data-aria-posinset=\"1\" data-aria-level=\"1\"><span data-contrast=\"auto\">100% ban<\/span><span data-contrast=\"auto\"> \u00fajrahasznos\u00edthat\u00f3<\/span><\/li>\n<li data-leveltext=\"\uf0b7\" data-font=\"Symbol\" data-listid=\"1\" data-list-defn-props=\"{&quot;335552541&quot;:1,&quot;335559684&quot;:-2,&quot;335559685&quot;:720,&quot;335559991&quot;:360,&quot;469769226&quot;:&quot;Symbol&quot;,&quot;469769242&quot;:[8226],&quot;469777803&quot;:&quot;left&quot;,&quot;469777804&quot;:&quot;\uf0b7&quot;,&quot;469777815&quot;:&quot;hybridMultilevel&quot;}\" aria-setsize=\"-1\" data-aria-posinset=\"1\" data-aria-level=\"1\"><span data-ccp-props=\"{&quot;201341983&quot;:0,&quot;335559739&quot;:160,&quot;335559740&quot;:259}\">R<\/span><span data-contrast=\"auto\">\u00e1gcs\u00e1l\u00f3k \u00e9s rovarok nem sz\u00edvesen v\u00e1lasztj\u00e1k lak\u00f3helynek<\/span><span data-ccp-props=\"{&quot;201341983&quot;:0,&quot;335559739&quot;:160,&quot;335559740&quot;:259}\">\u00a0<\/span><\/li>\n<\/ul>\n<h2 style=\"text-align: left;\"><strong>Felhaszn\u00e1l\u00e1si ter\u00fclet\u00a0<\/strong><\/h2>\n<ul>\n<li data-leveltext=\"\uf0b7\" data-font=\"Symbol\" data-listid=\"2\" data-list-defn-props=\"{&quot;335552541&quot;:1,&quot;335559684&quot;:-2,&quot;335559685&quot;:720,&quot;335559991&quot;:360,&quot;469769226&quot;:&quot;Symbol&quot;,&quot;469769242&quot;:[8226],&quot;469777803&quot;:&quot;left&quot;,&quot;469777804&quot;:&quot;\uf0b7&quot;,&quot;469777815&quot;:&quot;hybridMultilevel&quot;}\" aria-setsize=\"-1\" data-aria-posinset=\"1\" data-aria-level=\"1\"><span data-contrast=\"auto\">Nem teherhord\u00f3 t\u00e9relv\u00e1laszt\u00f3 falazatok \u00e9p\u00edt\u00e9s\u00e9hez, fel\u00faj\u00edt\u00e1sokhoz<\/span><span data-ccp-props=\"{&quot;201341983&quot;:0,&quot;335559739&quot;:160,&quot;335559740&quot;:259}\">\u00a0<\/span><\/li>\n<li data-leveltext=\"\uf0b7\" data-font=\"Symbol\" data-listid=\"2\" data-list-defn-props=\"{&quot;335552541&quot;:1,&quot;335559684&quot;:-2,&quot;335559685&quot;:720,&quot;335559991&quot;:360,&quot;469769226&quot;:&quot;Symbol&quot;,&quot;469769242&quot;:[8226],&quot;469777803&quot;:&quot;left&quot;,&quot;469777804&quot;:&quot;\uf0b7&quot;,&quot;469777815&quot;:&quot;hybridMultilevel&quot;}\" aria-setsize=\"-1\" data-aria-posinset=\"2\" data-aria-level=\"1\"><span data-contrast=\"auto\">tet\u0151t\u00e9ri falszerkezetek kialak\u00edt\u00e1s\u00e1hoz<\/span><span data-ccp-props=\"{&quot;201341983&quot;:0,&quot;335559739&quot;:160,&quot;335559740&quot;:259}\">\u00a0<\/span><\/li>\n<li data-leveltext=\"\uf0b7\" data-font=\"Symbol\" data-listid=\"2\" data-list-defn-props=\"{&quot;335552541&quot;:1,&quot;335559684&quot;:-2,&quot;335559685&quot;:720,&quot;335559991&quot;:360,&quot;469769226&quot;:&quot;Symbol&quot;,&quot;469769242&quot;:[8226],&quot;469777803&quot;:&quot;left&quot;,&quot;469777804&quot;:&quot;\uf0b7&quot;,&quot;469777815&quot;:&quot;hybridMultilevel&quot;}\" aria-setsize=\"-1\" data-aria-posinset=\"3\" data-aria-level=\"1\"><span data-contrast=\"auto\">v\u00e1zszerkezettel kombin\u00e1lva gar\u00e1zsok, mell\u00e9k\u00e9p\u00fcletek \u00e9p\u00edt\u00e9s\u00e9hez<\/span><span data-ccp-props=\"{&quot;201341983&quot;:0,&quot;335559739&quot;:160,&quot;335559740&quot;:259}\">\u00a0<\/span><\/li>\n<\/ul>\n<h2 style=\"text-align: left;\"><strong>Let\u00f6lthet\u0151 tartalom\u00a0<\/strong><\/h2>\n<p><a href=\"https:\/\/sixbau.hu\/assets\/docs\/%C3%81rlista\/Sixbau_Arjegyzek_%202022.pdf\"><span data-contrast=\"none\">Sixbau \u00e9p\u00edt\u0151anyagok \u00e1rlista<\/span><\/a><span data-ccp-props=\"{&quot;201341983&quot;:0,&quot;335559739&quot;:160,&quot;335559740&quot;:257}\">\u00a0<\/span><\/p>\n<p><span data-contrast=\"none\">Tov\u00e1bbi inform\u00e1ci\u00f3\u00e9rt l\u00e1togasson el a <\/span><a href=\"https:\/\/sixbau.hu\/termekek\/sixbau-gwall-valaszfalak\"><span data-contrast=\"none\">SIXBAU gWall falaz\u00f3elem<\/span><\/a><span data-contrast=\"none\"> oldalra, h\u00edvjon minket a +36 62 573 330 telefonsz\u00e1mon vagy k\u00fcldj\u00f6n e-mail az <\/span><a href=\"https:\/\/sixbau.hu\/kapcsolat\"><span data-contrast=\"none\">kapcsolati oldalunkon<\/span><\/a><span data-contrast=\"none\">.<\/span><span data-ccp-props=\"{&quot;201341983&quot;:0,&quot;335559739&quot;:160,&quot;335559740&quot;:257}\">\u00a0<\/span><\/p>\n<p><iframe loading=\"lazy\" style=\"margin-bottom: 3rem;\" title=\"YouTube video player\" src=\"https:\/\/www.youtube.com\/embed\/qMz5bpwMMRI\" width=\"100%\" height=\"650\" frameborder=\"0\" allowfullscreen=\"allowfullscreen\"><span data-mce-type=\"bookmark\" style=\"display: inline-block; width: 0px; overflow: hidden; line-height: 0;\" class=\"mce_SELRES_start\">\ufeff<\/span><\/iframe><br \/>\n<iframe loading=\"lazy\" style=\"margin-bottom: 3rem;\" title=\"YouTube video player\" src=\"https:\/\/www.youtube.com\/embed\/XIbK_9EUO4M\" width=\"100%\" height=\"650\" frameborder=\"0\" allowfullscreen=\"allowfullscreen\"><\/iframe><iframe loading=\"lazy\" style=\"margin-bottom: 3rem;\" title=\"YouTube video player\" src=\"https:\/\/www.youtube.com\/embed\/PYJZAcW-_-4\" width=\"100%\" height=\"650\" frameborder=\"0\" allowfullscreen=\"allowfullscreen\"><\/iframe><\/p>\n","protected":false},"excerpt":{"rendered":"<p>&nbsp;<\/p>\n<table id=\"variation-parameters-table\">\n<tbody>\n<tr>\n<td>Geometriai m\u00e9retek (vastags\u00e1g x sz\u00e9less\u00e9g x hossz\u00fas\u00e1g mm):<\/td>\n<td>100 x 580 x 3000 mm<\/td>\n<\/tr>\n<tr>\n<td>Elem nyom\u00f3szil\u00e1rds\u00e1g:<\/td>\n<td>nem relev\u00e1ns<\/td>\n<\/tr>\n<tr>\n<td>H\u0151vezet\u00e9si t\u00e9nyez\u0151:<\/td>\n<td>0,069 W\/mK<\/td>\n<\/tr>\n<tr>\n<td>H\u0151\u00e1tbocs\u00e1t\u00e1s t\u00e9nyez\u0151:<\/td>\n<td>nem relev\u00e1ns<\/td>\n<\/tr>\n<tr>\n<td>Kapill\u00e1ris v\u00edzfelv\u00e9tel:<\/td>\n<td>nem relev\u00e1ns<\/td>\n<\/tr>\n<tr>\n<td>T\u0171z\u00e1ll\u00f3s\u00e1gi oszt\u00e1ly:<\/td>\n<td>A2 \u2013 s1, d0<\/td>\n<\/tr>\n<tr>\n<td>T\u0171z\u00e1ll\u00f3s\u00e1gi hat\u00e1r\u00e9rt\u00e9k:<\/td>\n<td>E 90, EI 60<\/td>\n<\/tr>\n<tr>\n<td>P\u00e1radiff\u00fazi\u00f3s egy\u00fctth.:<\/td>\n<td>7-9\/8-10 \u00b5<\/td>\n<\/tr>\n<tr>\n<td>L\u00e9ghangg\u00e1tl\u00e1si sz\u00e1ma:<\/td>\n<td>42 (-1; -3) dB<\/td>\n<\/tr>\n<tr>\n<td>Ny\u00edr\u00f3szil\u00e1rds\u00e1g:<\/td>\n<td>27,9 kPa<\/td>\n<\/tr>\n<tr>\n<td>Elemt\u00f6meg:<\/td>\n<td>46,98-57,42 kg<\/td>\n<\/tr>\n<tr>\n<td>V\u00e1laszfal \/ egyutas raklap:<\/td>\n<td>12 db\/raklap<\/td>\n<\/tr>\n<tr>\n<td>HUF\/ raklap (raklap \u00e1ra: 6462 Ft brutt\u00f3):<\/td>\n<td><\/td>\n<\/tr>\n<\/tbody>\n<\/table>\n","protected":false},"featured_media":312,"template":"","meta":[],"product_cat":[28],"product_tag":[],"class_list":{"0":"post-94","1":"product","2":"type-product","3":"status-publish","4":"has-post-thumbnail","6":"product_cat-valaszfalak","8":"first","9":"instock","10":"shipping-taxable","11":"purchasable","12":"product-type-simple"},"jetpack_sharing_enabled":true,"_links":{"self":[{"href":"https:\/\/sixbau.hu\/shop\/wp-json\/wp\/v2\/product\/94","targetHints":{"allow":["GET"]}}],"collection":[{"href":"https:\/\/sixbau.hu\/shop\/wp-json\/wp\/v2\/product"}],"about":[{"href":"https:\/\/sixbau.hu\/shop\/wp-json\/wp\/v2\/types\/product"}],"wp:featuredmedia":[{"embeddable":true,"href":"https:\/\/sixbau.hu\/shop\/wp-json\/wp\/v2\/media\/312"}],"wp:attachment":[{"href":"https:\/\/sixbau.hu\/shop\/wp-json\/wp\/v2\/media?parent=94"}],"wp:term":[{"taxonomy":"product_cat","embeddable":true,"href":"https:\/\/sixbau.hu\/shop\/wp-json\/wp\/v2\/product_cat?post=94"},{"taxonomy":"product_tag","embeddable":true,"href":"https:\/\/sixbau.hu\/shop\/wp-json\/wp\/v2\/product_tag?post=94"}],"curies":[{"name":"wp","href":"https:\/\/api.w.org\/{rel}","templated":true}]}}